 List the prime factors of z.
2, 37, 311
Suppose 2*s = -5*a + 2*a + 1123, 3*s = -5*a + 1872. Let b = a - 201. What are the prime factors of b?
2, 3, 29
Let k(i) = 40*i - 152. Let h be k(5). Suppose -37*w + h = -25*w. List the prime factors of w.
2
Let t be (4 + 9 + 3)*(-27)/4. List the prime factors of t/(-252) + (-5730)/(-7).
3, 7, 13
Let j = -328 - -940. Let t = 6 + j. What are the prime factors of t?
2, 3, 103
Let i = -5918 + 11818. What are the prime factors of i?
2, 5, 59
What are the prime factors of (-1 + 122805/(-36))/((-11)/44)?
13649
Let i = -714 + 718. List the prime factors of 24/(i - -2) - -682.
2, 7
Let b(t) = -17*t + 12. Let q(d) = d. Let p(r) = -b(r) + 2*q(r). Let m be p(3). Suppose h - m - 156 = 0. What are the prime factors of h?
3, 67
Let l(g) = g**3 - 4*g**2 - 8*g + 15. Let i be l(5). Let j(o) = 3*o + 121. Let k(s) = -1. Let n(h) = j(h) - 6*k(h). List the prime factors of n(i).
127
Let z(o) = 2*o + 12. Let f be z(-5). Suppose 4*q + 4248 = f*q. List the prime factors of (4/(-18)*3)/(24/q).
59
Let b be (-9)/9 - 3414/(-3). Suppose -3*o + 4952 = 4*l, 2*l - 2*o - 1325 - b = 0. What are the prime factors of l?
5, 13, 19
Suppose -w = 4*z - 260064, 10*z - 13*z + 3*w + 195078 = 0. What are the prime factors of z?
2, 19, 29, 59
What are the prime factors of 1 - (-6)/((-192)/40) - 113705/(-20)?
3, 5, 379
Suppose -3*d - 7*d = -6870. Let a = d - 456. List the prime factors of a.
3, 7, 11
Let y(m) = 3*m**2 + 18*m + 5. Suppose w - 11 = s, 4*w + 4*s + 26 = 5*w. List the prime factors of y(w).
13, 17
Let o = 1331 + -411. Suppose 2*l = -6*p + 11*p + o, l - p - 457 = 0. What are the prime factors of l?
5, 7, 13
Suppose 50*k + 4*g - 26755 = 49*k, 2*k + 2*g = 53468. List the prime factors of k.
3, 59, 151
Let f = 34 + -25. Suppose 0 = 7*s - f*s - 5*o + 235, 0 = -4*s - 2*o + 510. What are the prime factors of s?
2, 5, 13
List the prime factors of ((-4)/(-4))/((-133)/(-1085)*49 - 6).
5, 31
Suppose 0 = 6*g + 706 - 2500. Let f = g - 78. What are the prime factors of f?
13, 17
Let r(s) = -41*s - 244. Let d be r(-6). Let c(k) = 66*k**3 - 7*k + 5. What are the prime factors of c(d)?
3, 173
Let m(y) = -125*y - 20. Let v(b) = -1000*b - 160. Let g(d) = 25*m(d) - 3*v(d). Let u be g(-4). Suppose -9*i + 4*i = -u. List the prime factors of i.
2, 3
Let d = -78 - -80. Suppose 0*y + y - 301 = -d*r, -4*r - 16 = 0. List the prime factors of y.
3, 103
Suppose -l + 14008 = 2*c, 3*l - 12606 - 29430 = -3*c. What are the prime factors of l?
2, 3, 73
Suppose 3*u - 2*c + 4*c = 42, -u - c + 14 = 0. What are the prime factors of -5 + 372 + (7 - u)?
2, 3, 5
Suppose 46*u - 60533 - 106003 = 8126. List the prime factors of u.
3797
Let d(h) be the third derivative of h**4/24 - h**3/6 - 5*h**2 + 11. Let r(k) = -k**3 + 6*k**2 + 3. Let c be r(6). List the prime factors of d(c).
2
What are the prime factors of (3600352/(-44))/(-1) - 48/(-6072)*-23?
2, 163, 251
Let a = 58878 + -16802. List the prime factors of a.
2, 67, 157
Suppose 7*d = f + 76061 - 5697, 10081 = d + 4*f. List the prime factors of d.
3, 1117
Suppose 0 = -5*a - 11 + 26. Let k be (-64)/32 + 1 + 133. Suppose -v + k = -4*r, -v - a*r = -243 + 76. What are the prime factors of v?
2, 19
List the prime factors of 3/(-9) - 40/24 - -4 - -33217.
3, 3691
Let u be ((-14)/(-21))/((-2)/(-9)). Let y be 20*u + (7 - (-5 - -12)). What are the prime factors of 1*50/15*y?
2, 5
Suppose -3*x - 3*q = -169121 - 77467, -12 = 2*q. List the prime factors of x.
2, 23, 1787
Suppose 72*j - 680728 = 3253574 - 439926. What are the prime factors of j?
48533
Suppose 11*c = 18*c + 588. Let d be (2/(-4))/(14/c). Suppose 5*k - 92 = -d*f - 0*f, 170 = 5*f + 5*k. List the prime factors of f.
3, 13
Let w be (-9)/6*(80/6)/(-4). Suppose 2*q - 338 = -2*j, 3*j - 523 = -4*q + w*q. List the prime factors of j.
173
Let g be (-1)/5 - 556*(-6)/30. Suppose 4*y = -2*l + 6*l - 148, 0 = -3*l + 4*y + g. What are the prime factors of l?
37
Let p = 9115 + -1221. Suppose 12*l + 514 = p. What are the prime factors of l?
3, 5, 41
Let r(n) = -n**2 - 26*n - 84. Let x be r(-22). Let g(a) = 3*a**3 - 3*a**2 + 8*a. List the prime factors of g(x).
2, 11
Let g(u) = 537*u**2 - 450*u + 3203. List the prime factors of g(7).
2, 13183
Let l(d) = d**3 + 16*d**2 + 8*d + 5. Let g(i) = -i**2 - i - 4. Let h be g(3). Let q be l(h). Let v = -53 - q. List the prime factors of v.
2, 5, 7
Let y be (2 - -1)/(-9)*3. Let u be (-18*(-36)/8)/y. Let h = -31 - u. List the prime factors of h.
2, 5
Suppose -4*v - 12223 + 48759 = -0*v. What are the prime factors of v?
2, 4567
Suppose -2*b + 13 = 11*b. List the prime factors of (-217 + b)*((-9)/(-2) + -5).
2, 3
Let n = -2340 + 5286. List the prime factors of n.
2, 3, 491
Suppose -4*t + 2*b + 247 = 27, -5*t - 3*b + 264 = 0. Suppose -38*d - 2016 = -t*d. What are the prime factors of d?
2, 3, 7
Suppose 33*q - 13574 = 10050 + 75739. List the prime factors of q.
3011
Let v = 41 - 41. Suppose -4*c = -4*i + 24, 3*i - 4*c + v*c = 20. Suppose i*f + 5*p = 698, 5*p = 4*p - 2. What are the prime factors of f?
3, 59
Let o = -3721 - -2369. Let i = -717 - o. What are the prime factors of i?
5, 127
Let d(m) = m**2 + 89. Let z be (-1012)/12 + (2 - 8/3). Let f = z + 85. List the prime factors of d(f).
89
Let z = -50307 - -85221. What are the prime factors of z?
2, 3, 11, 23
Suppose 184*m = 47*m + 1891011. What are the prime factors of m?
3, 43, 107
Let w = 294 - 279. What are the prime factors of (-3132)/(-15)*100/w?
2, 3, 29
Let j be 60/36 - (8/(-6) - -1). Suppose -5*k + 0*p - 4*p - 1661 = 0, j*k + 671 = 5*p. Let q = -121 - k. List the prime factors of q.
2, 53
Suppose -7*b + 50 = 3*b. Suppose -b*u = 5*x + 685, -3*u + 182 - 614 = -4*x. Let y = u - -278. List the prime factors of y.
2, 3, 23
Let i = 222 + -208. Suppose 3*o + x - 194 = 0, -i*o + 10*o = -4*x - 264. What are the prime factors of o?
5, 13
Let l be 4/((-36)/(-6) - 5). Suppose 0*s = -l*s. List the prime factors of (622/3)/(10/15) - s.
311
Let j = -260 + 290. What are the prime factors of j/24 - 1423/(-4)?
3, 7, 17
Let x(h) = -12375*h + 1011. What are the prime factors of x(-1)?
2, 3, 23, 97
Let b be (-4)/(4 + -5) - 1. Suppose -z - b*z = -2*l - 36, -4*z - 2*l + 28 = 0. Suppose -2*r + 910 = z*r. What are the prime factors of r?
7, 13
Let f = -23646 - -34190. List the prime factors of f.
2, 659
Suppose m - 3*l - 14 = 0, -3*m + 71 = -5*l + 45. Suppose -m*x - 5*k = -1971, -4*k + 15 = -k. What are the prime factors of x?
7, 139
What are the prime factors of 332968/48 - (-35)/(-42)?
2, 3, 17
Suppose 3*u = t, 3*t + 18*u - 16 = 23*u. List the prime factors of (4/t)/(8/39288).
1637
Let w = 24840 - 11912. List the prime factors of w.
2, 101
Suppose 2*i + 233 = 4*h - 225, -i = 1. Let b = 197 - h. Let y = b - -10. List the prime factors of y.
3, 31
Suppose 2*h + 5*b - 23904 = 0, -72*h + 67*h + 5*b = -59725. What are the prime factors of h?
13, 919
Let h(b) = 2*b**3 - 6*b**2 - 2*b - 12. Let c(t) = -t**2 - 24*t - 112. Let k be c(-17). What are the prime factors of h(k)?
2, 3, 61
Let u = 35 - 34. Let h be 19/(0 - u/(-5)). Suppose -2*s = -s - h. What are the prime factors of s?
5, 19
Let c(u) = -30*u - 18. Let x be c(-1). Suppose 0 = x*q - 1290 + 306. List the prime factors of q.
2, 41
Let j(a) be the second derivative of a**4/12 - 25*a**3/6 + 39*a**2 + 163*a. What are the prime factors of j(-31)?
2, 907
Suppose 3*d = 6*d - 45. Suppose -d*j = -8*j - 1099. What are the prime factors of j?
157
Suppose -1048*u + 1060*u = 27408. List the prime factors of u.
2, 571
Let f = 103 + 10. Suppose f = 4*d - 1203. Suppose d*y = 333*y - 196. What are the prime factors of y?
7
Suppose 5046 = -5*w + 5066, -61796 = -4*c + 5*w. What are the prime factors of c?
2, 7727
Suppose -4*y + 71 - 104 = -c, 2*c + 5*y = 53. Let m be 230/6 - (-4)/6. Suppose c*o + m = 30*o. List the prime factors of o.
3, 13
Let v(a) = 5*a**3 + 12*a**2 - 119*a - 11. What are the prime factors of v(8)?
5, 11, 43
Let h(a) = 10*a + 45. Let r be h(-4). Suppose r*z = -v + 863, -4*v + 9*v = 5*z - 875. What are the prime factors of z?
173
Suppose -418*b - 33433 = -422*b + 143419. List the prime factors of b.
13, 19, 179
What are the prime factors of (-35 - (-26372)/(-57))*(-54)/2?
3, 1493
Let v be 8 - (3 - 3 - -3). Let o be (1 - (-1)/v)/((-18)/(-60)). Let i(g) = -g**3 + 4*g**2 + 9